the value of -7 + 14 + (-5 - (15 + -10 - -4)) + 112?
105
What is 13214 - 13227 - (1 - 155)?
141
What is the value of -23 + 0 + (14 - -10)?
1
What is the value of -18 - (-28 - 10) - -35?
55
What is the value of 62 - (135 + -175) - 27?
75
Evaluate (-9 - (2 + -8)) + 58 + -79 - 8.
-32
-1 - (-85 - 1) - (-64 - (41 + -114))
76
-87 + (129 - (33 - 7))
16
What is the value of -3 + -14 + (-2 - 2) - ((16 - 60) + 35)?
-12
-79 + 68 - (-15 + 18 + 8 + -3)
-19
What is the value of 41 + -36 + -6 + -38 - (-8 + -1)?
-30
What is 23 - (48 - 28 - 3) - 76?
-70
-22 - ((11 - (40 + -17)) + 6)
-16
Evaluate 128 - (-154 - -483 - 68).
-133
(-15 - -27) + 11 + -22 + 15 + -7 + -98
-89
Calculate -76 + -16 + 40 + 12.
-40
What is 2 + -26 - (72 - 81) - (-5 - 1)?
-9
What is -164 + 8 - -3 - -14?
-139
What is -17 + (0 - -2) - (-45 + (30 - 7) + 9)?
-2
Evaluate (119 + -65 - 159) + 149.
44
What is -5 + -14 + -8 + (-3 - -23) + 17?
10
What is -60 - (-6 + -17) - -29 - (1 - 77)?
68
Evaluate 32 + -46 - -79 - 114.
-49
-63 + -64 + 77 - (0 + -42)
-8
What is 21 - (56 - 30) - 12?
-17
What is the value of 23 + -20 + -60 + 44?
-13
What is -42 + 74 + -69 - 31?
-68
(0 + 0 - -3) + -2 + (9 - 18) + -10
-18
What is -15 + 45 + -23 + -12 + -4 + -7?
-16
-73 - (-49 - (26 + -27))
-25
What is the value of 22 + -41 + 1 + -18?
-36
Evaluate 0 - 15 - (77 - (-56 + 154) - (-1 - 28)).
-23
-21 - 1 - (-4 + (-7 - -18)) - -14
-15
(113 - (4 + 5)) + (-32 - -48)
120
What is (-5 - (-30 + 15 - -9 - -133)) + 18?
-114
Evaluate 1011 - 994 - (31 + 2 + -1) - -15.
0
Calculate -5 + (29 - 3) + (-15 + 16 - 10).
12
Calculate 2 - 44 - 2 - 5 - 5 - (-159 - -147).
-42
Calculate 15 - (5 + 55 + -15 - -2 - -10).
-42
-111 - (-1 + (3 - 0)) - (-31 + -8 + 47)
-121
Evaluate (40 + 51 - (-5 - -17)) + 11 + -3.
87
-11 + -2 - 41 - (20 + -21 + 20)
-73
What is -15 + (-8 - -18 - 21) + 16?
-10
Evaluate (-9 - -1) + 35 + 23 + -50.
0
1 + -6 + (3 - (-3 + 3)) + 51 + -44
5
What is the value of (21 - 20) + 7 + (-2 + 28 - -8)?
42
-998 - -1041 - (2 - 0)
41
Evaluate 3 + (-19 + 3 - 3 - -4) - (158 - 156).
-14
Calculate 54 - (23 + -1 - (7 + 9 + -10 + 8)).
46
(-1675 - -1587) + (0 - -26)
-62
Evaluate (-2 - 3) + 5 + 0 - (57 + -49) - 30.
-38
Evaluate (-3 - (3 + 3)) + ((-7 - 1) + 20 - -2).
5
(-12 - (-19 + 24) - 0) + 46
29
What is the value of 10 - (-210 + 200 + 3 + 32)?
-15
What is 4 + 9 + -5 - -2 - (-189 - -143)?
56
What is the value of (1 - 11) + -14 - (-15 + -18)?
9
Evaluate -1 + 101 + -23 + 8 + -7 + -4.
74
What is the value of (-17 - (3 - 10)) + (-2 - -11) + 34 + -10?
23
Evaluate -14 - (-1 + (13 - (11 + 1))) - -9.
-5
What is the value of 3 + 53 - (-4 + (11 + 1 - -5))?
43
Calculate -5 + (-6 - (-3 + -6)) + -33 + -5.
-40
Calculate 15 - (-229 + 254 + 4 + -9).
-5
(1 + -26 - (-70 + 68 + -37)) + -6
8
Calculate (38 - -2) + (611 - 627) - 40.
-16
What is -84 - (3 - 38) - (1 - (20 + -5))?
-35
Calculate -44 - (33 - 32 - 38).
-7
(7 + -8 - -57) + 12 + (28 - 22)
74
-2 + (-19 - -16) - (-73 + 0 - 0)
68
What is the value of -4 + (73 - (12 - -18 - 10) - (1 + -14))?
62
Evaluate 49 + 37 + -59 + -74.
-47
What is 20 + -3 + 10 + -4 + 23?
46
What is (-1 - (14 + -2)) + 579 + -502 - (8 + 0)?
56
Evaluate (24 + -68 - -46) + -14 + -1 + -18.
-31
Evaluate (7 - -156) + -306 - -160.
17
What is (253 + -626 - -312) + (1 - (16 - -1))?
-77
What is the value of 4 + 13 + -18 + (18 - 1) + 3?
19
What is -25 + 17 + -14 + 6 + -1?
-17
Evaluate 59 + -32 - (-29 + 4) - -15.
67
What is the value of (20 - (13 - 18 - -10)) + (-95 - 37)?
-117
What is 416 - 431 - (17 + 3)?
-35
Calculate 27 + (12 + -6 + (-4 - -18) - 12).
35
-30 + 84 + 23 + -42
35
What is the value of (4 - (-10 - 9)) + (170 - 185 - (-1 + -22))?
31
What is 1415 + -1462 + 135 + 1?
89
What is the value of -58 - (-115 + 112 - ((-6 - (3 - 6)) + -1))?
-59
Calculate -72 + (2 - -107) - -8.
45
1 + 56 + (-7 + 5 - (-45 + 56))
44
0 + -1 + 0 + (-23 - (-18 + 35)) + 92
51
What is the value of (94 - 176) + 1 + 16 - -12?
-53
Evaluate (52 - (16 + 15)) + -2 + (2 - 12) + -85.
-76
Evaluate -61 + (10 - (-8 - -12) - -4).
-51
What is the value of (75 - (3 - -1 - (-265 - -281))) + -3?
84
(-43 - -15) + 4 + -6 - -8 - 2
-24
Calculate -61 + -42 - -120 - 88.
-71
What is -7 + -16 + 11 + (-4 - (-79 - -11)) + 6?
58
-11 + (5 - -5) - ((9 - 18 - -3) + 7)
-2
Calculate 3 + (-18 - (0 + -4)) + -2 + (63 - 29).
21
Evaluate -1 + -5 - -7 - (9 - 66 - -37).
21
Evaluate -46 + -9 + 41 + 46.
32
Evaluate 36 + -156 + (118 - 86).
-88
What is the value of -8 - -1 - (9 - (17 + -14)) - -36?
23
What is the value of -1 + (4 - 9) - (-5 + 13 - -61 - -29)?
-104
Evaluate -49 + (-35 - -75) + -1 + (0 - -12) + -11.
-9
What is (-5 - 2) + 11 + 8 - (9 + -7)?
10
Evaluate 7909 + -7760 - (286 - 0).
-137
What is -1128 + 1147 + (-3 - (-1 - 0)) + 1 - -11?
29
Calculate -2 + (1 - -2) - (-1 + -116 + 24 + -28).
122
What is -3 - -3 - (-161 + 168) - (-16 - 1)?
10
Evaluate (-8 - ((-42 - -34) + (12 + -2 - 3))) + -16.
-23
Calculate -30 + 10 + 12 - (-160 + 7 + 1).
144
Calculate -7 + 15 + 50 - 1.
57
Calculate (30 - (-36 - (-15 + -39))) + 26.
38
-2 + (12 - 4) + -10 + -6 + -27
-37
-59 - ((62 - 28) + -61)
-32
What is -29 + (14 - (-9 + -6 + -15 + 30) - 4)?
-19
What is the value of (-36 - (-8 + 51)) + -23?
-102
What is (-8 - (-18 - -11)) + -2 + (-46 - (-1 + 0))?
-48
-51 - (-34 + (42 - 24 - 10))
-25
Calculate 20 - -5 - (-139 + 173).
-9
What is (-17 - -9) + (-47 - -85)?
30
Calculate -127 + 1 + ((-12 - -1) + 20 - 24).
-141
What is the value of (6 + -15 + 21 - (-10 - -2)) + -9?
11
Evaluate -38 + 0 + (-5 - -12 - 2) + -1 + -2.
-36
What is (-37 - -49 - (2 + -4 - -3)) + (3 - -7)?
21
Evaluate 18 + -26 - ((4 - 1) + -4 - 6).
-1
Calculate -18 + 13 + (-48 - -8) + -2.
-47
What is the value of -72 + (-110 - -254) - 4?
68
Evaluate (1 - ((8 + -2 - -1) + 2)) + (6 - 1).
-3
What is (26 - 95) + -6 + 1 + -1 + (-54 - -59)?
-70
279 + (-168 - (4 + -37))
144
Calculate 4 + -32 + (22 - 41) + 27.
-20
Evaluate (67 - (-20 + 16)) + -6.
65
-7 - (-14 - -84) - (4 - 28)
-53
Calculate 45 - ((9 - 1 - -29) + -22).
30
What is -437 + 530 + 13 + -242?
-136
Calculate 63 + (-16 - 3) + 8 + -9 - -7.
50
Evaluate -25 + 0 + -5 + -15 - 1.
-46
Evaluate (30 - (94 + -36)) + -91 + 33.
-86
Evaluate -744 + 762 + (-1 - 0) + -21.
-4
What is the value of 539 + -512 + (3 - -1) + -44?
-13
(-49 + 148 - 115) + (-1 + -25 - 0)
-42
Evaluate -9 - -2 - (-10 + -6 + -6 + -39) - 2.
52
What is -354 - -355 - (11 + 2 - (-7 + 7)) - -100?
88
What is the value of -17 - ((1 - 30) + 26)?
-14
(9 - (9 + (8 - -5))) + -1 + -12
-26
Calculate 44 + 0 - (17 + -61 + (-26 - -56)).
58
Evaluate (4 - 55) + (-572 - -558).
-65
What is (-23 - -27) + -1 + -15 + 36?
24
Evaluate (1 - 143) + -89 + 170 + -53.
-114
53 - (-18 - (40 + -130))
-19
Evaluate 3 - (-76 - (-73 + -134)).
-128
What is the value of (834 - 706) + -2 + (-1 - 6)?
119
What is the value of -17 + 1 + 36 + 35 + (-29 - -31)?
57
What is the value of 9 + (13 - 13 - 17) - 34?
-42
Calculate (-12 - -20) + 36 + -5 + (8 - 18).
29
What is 25 + -42 - (-56 + 10 + (9 - 4))?
24
Evaluate 1 + -34 - (-74 - (-28 + -19)).
-6
What is 6 - (-7 + -2 - -3) - (211 + -187)?
-12
What is the value of -9 - (-15 + (-23 - -17) + 42)?
-30
Calculate (4 - -4) + -48 - (-122 - -102).
-20
What is the value of -44 - (8 - (14 - -4) - -3)?
-37
Evaluate 16 + -1 - (49 - 29) - (2 - 3 - -40).
-44
Evaluate 27 + (1 - (-14 - -23 - 15)).
34
(860 - 837) + 21 + 3
47
What is (-8 - 7) + 162 + -24 + -31?
92
(-10 + (-1 - 0 - (42 - 48)) - -96) + 8
99
What is the value of 41 + 2 + (232 + -87 - 125)?
63
Calculate -5 + (49 + -3 - 33).
8
What is (16 - 67) + -13 + -13 + 4?
-73
What is the value of -5 - -38 - (20 + -29)?
42
What is 43 - (-12 + 9 + -18 + 6)?
58
Calculate (73 - (84 - -67)) + -3.
-81
Calculate -4 + (-5 - (-2 - 0) - 2 - (-91 - 1)).
83
What is the value of 6 + 3 + (0 - -1) + -3 + (200 - 194)?
13
What is -17 + 0 + 1 - (-185 + 300 + -120)?
-11
(-5 - 2) + -4 + -3 + -22 + 25 + -111
-122
Calculate (17 + -17 + 30 - (6 + 8)) + -11.
5
Calculate 401 - 391 - (1 + -1) - -26.
36
What is (-215 - -150) + 84 + -30?
-11
What is the value of 51 + -26 + -52 - -28?
1
Calculate -5 + ((6 - 38) + (17 - 0) - -98).
78
Evaluate -4 - -80 - (-2773 - -2863).
-14
What is 8 + (28 - (12 + -13 + 1 + -5))?
41
What is -24 + -38 + 112 + -126?
-76
What is the value of (1327 - 1195 - (48 - -1)) + (-14 - 0)?
69
Calculate (-717 - -710) + (-5 - 0) + (56 - (3 +